{"id":6742,"date":"2021-09-15T10:56:31","date_gmt":"2021-09-15T14:56:31","guid":{"rendered":"https:\/\/qprn.ca\/?page_id=6742"},"modified":"2026-04-16T11:53:35","modified_gmt":"2026-04-16T15:53:35","slug":"services-dimplementation-de-cohorte","status":"publish","type":"page","link":"https:\/\/qprn.ca\/fr\/services-dimplementation-de-cohorte\/","title":{"rendered":"Acc\u00e8s aux donn\u00e9es et Service d&rsquo;impl\u00e9mentation de cohorte"},"content":{"rendered":"\n<div style=\"height:20px\" aria-hidden=\"true\" class=\"wp-block-spacer\"><\/div>\n\n\n\n<p>Les scientifiques du <strong>Consortium qu\u00e9b\u00e9cois sur la douleur au dos<\/strong> ont mis au point une infrastructure pour la collecte de donn\u00e9es longitudinales. La cohorte d\u00e9velopp\u00e9e par le Consortium regroupe plus de 7 000 personnes vivant avec de la douleur au dos.<br>La plateforme met \u00e0 disposition diff\u00e9rents services tels que :<\/p>\n\n\n\n<div style=\"height:20px\" aria-hidden=\"true\" class=\"wp-block-spacer\"><\/div>\n\n\n\n<div class=\"wp-block-columns is-layout-flex wp-container-core-columns-is-layout-9d6595d7 wp-block-columns-is-layout-flex\">\n<div class=\"wp-block-column is-layout-flow wp-block-column-is-layout-flow\">\n<figure class=\"wp-block-image size-large bnw\"><img loading=\"lazy\" decoding=\"async\" width=\"700\" height=\"467\" src=\"https:\/\/qprn.ca\/wp-content\/uploads\/2021\/09\/Images-website4.jpg\" alt=\"\" class=\"wp-image-6747\" title=\"\"><\/figure>\n\n\n\n<h3 class=\"wp-block-heading\">recrutement et donn\u00e9es<\/h3>\n\n\n\n<p><strong>Recrutement<\/strong><br>Le Consortium peut vous aider \u00e0 recruter des participant.e.s en diffusant votre projet via les infolettres destin\u00e9es au grand public. Une autre m\u00e9thode consiste \u00e0 vous mettre en contact avec les participant.e.s qui pourraient \u00eatre int\u00e9ress\u00e9.e.s par votre projet (p. ex. transmettre votre invitation \u00e0 notre liste de diffusion courriel). <\/p>\n\n\n\n<p><strong>Acc\u00e8s aux donn\u00e9es<\/strong><br>Notre base de donn\u00e9es contient les donn\u00e9es suivantes : la version canadienne du NIH minimum dataset, le DN4, un questionnaire \u00e0 propos des comorbidit\u00e9s et l&rsquo;impression globale de changement. Ces donn\u00e9es ont \u00e9t\u00e9 collect\u00e9es sur une base continue depuis novembre 2018 chez plus de 6 600 participants vivant avec de la douleur au dos \u00e0 0, 3, 6, 12 et 24 mois. Vous pouvez nous contacter pour proposer une collaboration ou faire une demande d\u2019acc\u00e8s.<\/p>\n<\/div>\n\n\n\n<div class=\"wp-block-column is-layout-flow wp-block-column-is-layout-flow\">\n<figure class=\"wp-block-image size-large bnw\"><img loading=\"lazy\" decoding=\"async\" width=\"700\" height=\"467\" src=\"https:\/\/qprn.ca\/wp-content\/uploads\/2021\/09\/Images-website3-1.jpg\" alt=\"\" class=\"wp-image-6749\" title=\"\"><\/figure>\n\n\n\n<h3 class=\"wp-block-heading\">construction de cohorte<\/h3>\n\n\n\n<p><strong>Conseils collecte de donn\u00e9es en ligne<\/strong><br>Le Consortium peut vous aider dans la mise en place de projets de recherche en ligne incluant les d\u00e9marches de consentement et la collecte de donn\u00e9es avec des outils tels que REDCap.<\/p>\n\n\n\n<p><strong>Conseils de suivi et de r\u00e9tention<\/strong><br>Le Consortium s\u2019appuie sur des outils de suivi et de r\u00e9tention performants de suivi et de r\u00e9tention et peut vous aider \u00e0 les mettre en place dans votre projet. <\/p>\n<\/div>\n<\/div>\n\n\n\n<div style=\"height:20px\" aria-hidden=\"true\" class=\"wp-block-spacer\"><\/div>\n\n\n\n<p>L\u2019exp\u00e9rience acquise par le <a href=\"https:\/\/qprn.ca\/fr\/2020\/06\/le-rqrd-reunit-16-chercheurs-quebecois-et-forme-le-consortium-quebecois-sur-la-douleur-au-dos\/\" target=\"_blank\" rel=\"noreferrer noopener\">Consortium qu\u00e9becois sur la douleur au dos<\/a> peut grandement acc\u00e9l\u00e9rer vos projets et vous aider \u00e0 poser des bases solides pour votre cohorte.<\/p>\n\n\n\n<div style=\"height:20px\" aria-hidden=\"true\" class=\"wp-block-spacer\"><\/div>\n\n\n\n<h3 class=\"wp-block-heading\">notre projet<\/h3>\n\n\n\n<figure class=\"wp-block-image size-large\"><img loading=\"lazy\" decoding=\"async\" width=\"1400\" height=\"724\" src=\"https:\/\/qprn.ca\/wp-content\/uploads\/2020\/06\/Publication_Douleur-lombaire2_FR-1400x724.png\" alt=\"\" class=\"wp-image-2011\" title=\"\" srcset=\"https:\/\/qprn.ca\/wp-content\/uploads\/2020\/06\/Publication_Douleur-lombaire2_FR-1400x724.png 1400w, https:\/\/qprn.ca\/wp-content\/uploads\/2020\/06\/Publication_Douleur-lombaire2_FR-768x397.png 768w, https:\/\/qprn.ca\/wp-content\/uploads\/2020\/06\/Publication_Douleur-lombaire2_FR-1536x795.png 1536w, https:\/\/qprn.ca\/wp-content\/uploads\/2020\/06\/Publication_Douleur-lombaire2_FR-2048x1060.png 2048w\" sizes=\"auto, (max-width: 1400px) 100vw, 1400px\" \/><\/figure>\n\n\n\n<h3 class=\"wp-block-heading\">nos communications<\/h3>\n\n\n\n<ul class=\"wp-block-list\">\n<li>Notre <a href=\"https:\/\/us4.campaign-archive.com\/home\/?u=519edf72adce27b423e2902ac&amp;id=be00699839\" target=\"_blank\" rel=\"noreferrer noopener\">infolettre trimestrielle<\/a> est destin\u00e9e aux participants de l\u2019\u00e9tude. Celle-ci d\u00e9crit les avanc\u00e9es de l\u2019\u00e9tude et partage des informations utiles.<\/li>\n\n\n\n<li>Pour en savoir plus sur nos avanc\u00e9es, vous pouvez consulter nos rapports de progression <a href=\"https:\/\/kdrive.infomaniak.com\/app\/share\/1927187\/ec2824a1-14d9-47da-b744-e94d79dcb4fb\" target=\"_blank\" rel=\"noreferrer noopener\">2020-2021<\/a> et <a href=\"https:\/\/kdrive.infomaniak.com\/app\/share\/1927187\/ffd91f29-e7d4-4039-964e-ba8b466ccb7e\" rel=\"noopener\">2021-2022<\/a>, destin\u00e9 \u00e0 nos partenaire afin de pr\u00e9senter les avanc\u00e9es majeures du projet.<\/li>\n<\/ul>\n\n\n\n<div style=\"height:20px\" aria-hidden=\"true\" class=\"wp-block-spacer\"><\/div>\n\n\n\n<h3 class=\"wp-block-heading\">Nos pr\u00e9sentations<\/h3>\n\n\n\n<ul class=\"wp-block-list\">\n<li><strong>Jean-S\u00e9bastien Roy<\/strong> pr\u00e9sente le consortium aux diners-causeries (<a href=\"https:\/\/youtu.be\/aYu63L1hBEU\" target=\"_blank\" rel=\"noreferrer noopener\">Vid\u00e9o<\/a>)<\/li>\n\n\n\n<li><strong>Jean-S\u00e9bastien Roy<\/strong> pr\u00e9sente le consortium \u00e0 Guylaine Tanguay (<a href=\"https:\/\/www.youtube.com\/watch?v=zyRoWkIlQk0\" target=\"_blank\" rel=\"noreferrer noopener\">Vid\u00e9o<\/a>)<\/li>\n\n\n\n<li><strong>Laura Stone<\/strong>, ancienne directrice du consortium, pr\u00e9sente le r\u00f4le de l\u2019\u00e9pig\u00e9n\u00e9tique dans la douleur dans ce webinaire donn\u00e9 \u00e0 l\u2019Institut national de la sant\u00e9 (<a href=\"https:\/\/www.youtube.com\/watch?v=XkJFcxyVdGM&amp;t=2s\" target=\"_blank\" rel=\"noreferrer noopener\">Vid\u00e9o<\/a>).<\/li>\n\n\n\n<li><strong>Gabrielle Pag\u00e9<\/strong> pr\u00e9sente la mise en place d\u2019un nouveau projet satellite pour \u00e9tudier l\u2019impact du stress li\u00e9 \u00e0 la COVID-19 sur la lombalgie chronique (<a href=\"https:\/\/www.youtube.com\/watch?v=ib87hQ1Ymrk&amp;t=129s\" target=\"_blank\" rel=\"noreferrer noopener\">Vid\u00e9o<\/a>).  <\/li>\n\n\n\n<li><strong>Vid\u00e9o anniversaire<\/strong> des 10 ans du consortium (<a href=\"https:\/\/www.youtube.com\/watch?v=tTLBlYCbyvk&amp;t=14s\" target=\"_blank\" rel=\"noreferrer noopener\">Vid\u00e9o<\/a>)<\/li>\n\n\n\n<li><strong>Mathieu Roy<\/strong> pr\u00e9sente son implication dans le consortium (<a href=\"https:\/\/youtu.be\/a3avu1QcCjk\" target=\"_blank\" rel=\"noreferrer noopener\">Vid\u00e9o<\/a>)<\/li>\n\n\n\n<li><strong>Carolina Meloto <\/strong>pr\u00e9sente le consortium (<a href=\"https:\/\/www.youtube.com\/watch?v=J5ARqqk3QFs\" target=\"_blank\" rel=\"noreferrer noopener\">Vid\u00e9o<\/a>)<\/li>\n\n\n\n<li><strong>Carolina Meloto <\/strong>pr\u00e9sente la Biobanque qu\u00e9b\u00e9soise de la douleur lombaire, un projet satellite du consortium (<a href=\"https:\/\/www.youtube.com\/watch?v=2vEvSmzYPUc&amp;t=16s\" target=\"_blank\" rel=\"noreferrer noopener\">Vid\u00e9o<\/a>)<\/li>\n<\/ul>\n\n\n\n<div style=\"height:20px\" aria-hidden=\"true\" class=\"wp-block-spacer\"><\/div>\n\n\n\n<h3 class=\"wp-block-heading\">Nos publications<\/h3>\n\n\n\n<ul class=\"wp-block-list\">\n<li><strong>Karen Ghoussoub et al<\/strong>. <a href=\"https:\/\/pmc.ncbi.nlm.nih.gov\/articles\/PMC12936249\/\" target=\"_blank\" rel=\"noreferrer noopener\">Stress Characteristics and Their Associations With Pain Intensity: An Ecological Momentary Assessment Study<\/a>.<br>European Journal of Pain, <strong>mars 2026<\/strong><\/li>\n\n\n\n<li><strong>Adriana Angarita-Fonseca et al<\/strong>. <a href=\"https:\/\/journals.lww.com\/pain\/Fulltext\/2023\/02000\/The_Canadian_version_of_the_National_Institutes_of.15.aspx\" target=\"_blank\" rel=\"noreferrer noopener\">The Canadian version of the National Institutes of Health minimum dataset for chronic low back pain research : reference values from the Quebec Low Back Pain Study<\/a>.<br>Pain journal, <strong>f\u00e9vrier 2023<\/strong><\/li>\n\n\n\n<li><strong>Hugo Mass\u00e9-Alarie et al<\/strong>. <a href=\"https:\/\/journals.lww.com\/painrpts\/Fulltext\/2022\/04000\/Low_back_pain_definitions__effect_on_patient.11.aspx\" target=\"_blank\" rel=\"noreferrer noopener\">Low Back Pain definitions : effect on patient inclusion and clinical profiles<\/a><br>PAIN Reports, <strong>mars 2022<\/strong><\/li>\n\n\n\n<li><strong>Kristina Amja et al<\/strong>. <a href=\"https:\/\/pubmed.ncbi.nlm.nih.gov\/34137325\/\" target=\"_blank\" rel=\"noreferrer noopener\">The Experience of People Living With Chronic Pain During a Pandemic : \u201cCrumbling Dreams With Uncertain Futures<\/a><br>Qualitative Health Research, <strong>juin 2021<\/strong><\/li>\n\n\n\n<li><strong>Gabrielle Pag\u00e9 et al<\/strong>. <a href=\"https:\/\/journals.lww.com\/painrpts\/Fulltext\/2020\/02000\/The_Quebec_Low_Back_Pain_Study__a_protocol_for_an.5.aspx\" target=\"_blank\" rel=\"noreferrer noopener\">The Quebec Low Back Pain Study: a protocol for an innovative 2-tier provincial cohort<\/a><br>PAIN Reports, <strong>janvier 2020<\/strong><\/li>\n\n\n\n<li><strong>Ana\u00efs Lacasse et al<\/strong>. <a href=\"https:\/\/pubmed.ncbi.nlm.nih.gov\/28401140\/\" target=\"_blank\" rel=\"noreferrer noopener\">The Canadian minimum dataset for chronic low back pain research: a cross-cultural adaptation of the National Institutes of Health Task Force Research Standards<\/a><br>CMAJ Open, <strong>mars 2017<\/strong><\/li>\n<\/ul>\n\n\n\n<div style=\"height:20px\" aria-hidden=\"true\" class=\"wp-block-spacer\"><\/div>\n\n\n\n<h3 class=\"wp-block-heading\">Communiqu\u00e9 de presse<\/h3>\n\n\n\n<p><a href=\"https:\/\/qprn.ca\/wp-content\/uploads\/2023\/03\/Final-Communique-de-presse_qlbps.pdf\" target=\"_blank\" rel=\"noreferrer noopener\">Communiqu\u00e9 de presse<\/a><\/p>\n\n\n\n<div style=\"height:20px\" aria-hidden=\"true\" class=\"wp-block-spacer\"><\/div>\n\n\n\n<p><strong><a href=\"&#109;&#x61;&#105;&#x6c;&#116;&#x6f;&#58;&#x3f;&#116;&#x6f;&#61;&#x69;&#110;&#x66;&#111;&#x40;&#113;&#x70;&#114;&#x6e;&#46;&#x63;&#97;\" target=\"_blank\" rel=\"noreferrer noopener\">Contactez-nous<\/a><\/strong><\/p>\n","protected":false},"excerpt":{"rendered":"<p>Les scientifiques du Consortium qu\u00e9b\u00e9cois sur la douleur au dos ont mis au point une&#8230;<\/p>\n","protected":false},"author":3,"featured_media":0,"parent":0,"menu_order":0,"comment_status":"closed","ping_status":"closed","template":"","meta":{"_acf_changed":false,"footnotes":""},"class_list":["post-6742","page","type-page","status-publish","hentry"],"acf":[],"_links":{"self":[{"href":"https:\/\/qprn.ca\/fr\/wp-json\/wp\/v2\/pages\/6742","targetHints":{"allow":["GET"]}}],"collection":[{"href":"https:\/\/qprn.ca\/fr\/wp-json\/wp\/v2\/pages"}],"about":[{"href":"https:\/\/qprn.ca\/fr\/wp-json\/wp\/v2\/types\/page"}],"author":[{"embeddable":true,"href":"https:\/\/qprn.ca\/fr\/wp-json\/wp\/v2\/users\/3"}],"replies":[{"embeddable":true,"href":"https:\/\/qprn.ca\/fr\/wp-json\/wp\/v2\/comments?post=6742"}],"version-history":[{"count":5,"href":"https:\/\/qprn.ca\/fr\/wp-json\/wp\/v2\/pages\/6742\/revisions"}],"predecessor-version":[{"id":21152,"href":"https:\/\/qprn.ca\/fr\/wp-json\/wp\/v2\/pages\/6742\/revisions\/21152"}],"wp:attachment":[{"href":"https:\/\/qprn.ca\/fr\/wp-json\/wp\/v2\/media?parent=6742"}],"curies":[{"name":"wp","href":"https:\/\/api.w.org\/{rel}","templated":true}]}}

Accès aux données et Service d&rsquo;implémentation de cohorte

<div style="height:20px" aria-hidden="true" class="wp-block-spacer"></div>



<p>Les scientifiques du <strong>Consortium québécois sur la douleur au dos</strong> ont mis au point une infrastructure pour la collecte de données longitudinales. La cohorte développée par le Consortium regroupe plus de 7 000 personnes vivant avec de la douleur au dos.<br>La plateforme met à disposition différents services tels que :</p>



<div style="height:20px" aria-hidden="true" class="wp-block-spacer"></div>



<div class="wp-block-columns is-layout-flex wp-container-core-columns-is-layout-9d6595d7 wp-block-columns-is-layout-flex">
<div class="wp-block-column is-layout-flow wp-block-column-is-layout-flow">
<figure class="wp-block-image size-large bnw"><img loading="lazy" decoding="async" width="700" height="467" src="https://qprn.ca/wp-content/uploads/2021/09/Images-website4.jpg" alt="" class="wp-image-6747" title=""></figure>



<h3 class="wp-block-heading">recrutement et données</h3>



<p><strong>Recrutement</strong><br>Le Consortium peut vous aider à recruter des participant.e.s en diffusant votre projet via les infolettres destinées au grand public. Une autre méthode consiste à vous mettre en contact avec les participant.e.s qui pourraient être intéressé.e.s par votre projet (p. ex. transmettre votre invitation à notre liste de diffusion courriel). </p>



<p><strong>Accès aux données</strong><br>Notre base de données contient les données suivantes : la version canadienne du NIH minimum dataset, le DN4, un questionnaire à propos des comorbidités et l&rsquo;impression globale de changement. Ces données ont été collectées sur une base continue depuis novembre 2018 chez plus de 6 600 participants vivant avec de la douleur au dos à 0, 3, 6, 12 et 24 mois. Vous pouvez nous contacter pour proposer une collaboration ou faire une demande d’accès.</p>
</div>



<div class="wp-block-column is-layout-flow wp-block-column-is-layout-flow">
<figure class="wp-block-image size-large bnw"><img loading="lazy" decoding="async" width="700" height="467" src="https://qprn.ca/wp-content/uploads/2021/09/Images-website3-1.jpg" alt="" class="wp-image-6749" title=""></figure>



<h3 class="wp-block-heading">construction de cohorte</h3>



<p><strong>Conseils collecte de données en ligne</strong><br>Le Consortium peut vous aider dans la mise en place de projets de recherche en ligne incluant les démarches de consentement et la collecte de données avec des outils tels que REDCap.</p>



<p><strong>Conseils de suivi et de rétention</strong><br>Le Consortium s’appuie sur des outils de suivi et de rétention performants de suivi et de rétention et peut vous aider à les mettre en place dans votre projet. </p>
</div>
</div>



<div style="height:20px" aria-hidden="true" class="wp-block-spacer"></div>



<p>L’expérience acquise par le <a href="https://qprn.ca/fr/2020/06/le-rqrd-reunit-16-chercheurs-quebecois-et-forme-le-consortium-quebecois-sur-la-douleur-au-dos/" target="_blank" rel="noreferrer noopener">Consortium québecois sur la douleur au dos</a> peut grandement accélérer vos projets et vous aider à poser des bases solides pour votre cohorte.</p>



<div style="height:20px" aria-hidden="true" class="wp-block-spacer"></div>



<h3 class="wp-block-heading">notre projet</h3>



<figure class="wp-block-image size-large"><img loading="lazy" decoding="async" width="1400" height="724" src="https://qprn.ca/wp-content/uploads/2020/06/Publication_Douleur-lombaire2_FR-1400x724.png" alt="" class="wp-image-2011" title="" srcset="https://qprn.ca/wp-content/uploads/2020/06/Publication_Douleur-lombaire2_FR-1400x724.png 1400w, https://qprn.ca/wp-content/uploads/2020/06/Publication_Douleur-lombaire2_FR-768x397.png 768w, https://qprn.ca/wp-content/uploads/2020/06/Publication_Douleur-lombaire2_FR-1536x795.png 1536w, https://qprn.ca/wp-content/uploads/2020/06/Publication_Douleur-lombaire2_FR-2048x1060.png 2048w" sizes="auto, (max-width: 1400px) 100vw, 1400px" /></figure>



<h3 class="wp-block-heading">nos communications</h3>



<ul class="wp-block-list">
<li>Notre <a href="https://us4.campaign-archive.com/home/?u=519edf72adce27b423e2902ac&amp;id=be00699839" target="_blank" rel="noreferrer noopener">infolettre trimestrielle</a> est destinée aux participants de l’étude. Celle-ci décrit les avancées de l’étude et partage des informations utiles.</li>



<li>Pour en savoir plus sur nos avancées, vous pouvez consulter nos rapports de progression <a href="https://kdrive.infomaniak.com/app/share/1927187/ec2824a1-14d9-47da-b744-e94d79dcb4fb" target="_blank" rel="noreferrer noopener">2020-2021</a> et <a href="https://kdrive.infomaniak.com/app/share/1927187/ffd91f29-e7d4-4039-964e-ba8b466ccb7e" rel="noopener">2021-2022</a>, destiné à nos partenaire afin de présenter les avancées majeures du projet.</li>
</ul>



<div style="height:20px" aria-hidden="true" class="wp-block-spacer"></div>



<h3 class="wp-block-heading">Nos présentations</h3>



<ul class="wp-block-list">
<li><strong>Jean-Sébastien Roy</strong> présente le consortium aux diners-causeries (<a href="https://youtu.be/aYu63L1hBEU" target="_blank" rel="noreferrer noopener">Vidéo</a>)</li>



<li><strong>Jean-Sébastien Roy</strong> présente le consortium à Guylaine Tanguay (<a href="https://www.youtube.com/watch?v=zyRoWkIlQk0" target="_blank" rel="noreferrer noopener">Vidéo</a>)</li>



<li><strong>Laura Stone</strong>, ancienne directrice du consortium, présente le rôle de l’épigénétique dans la douleur dans ce webinaire donné à l’Institut national de la santé (<a href="https://www.youtube.com/watch?v=XkJFcxyVdGM&amp;t=2s" target="_blank" rel="noreferrer noopener">Vidéo</a>).</li>



<li><strong>Gabrielle Pagé</strong> présente la mise en place d’un nouveau projet satellite pour étudier l’impact du stress lié à la COVID-19 sur la lombalgie chronique (<a href="https://www.youtube.com/watch?v=ib87hQ1Ymrk&amp;t=129s" target="_blank" rel="noreferrer noopener">Vidéo</a>).  </li>



<li><strong>Vidéo anniversaire</strong> des 10 ans du consortium (<a href="https://www.youtube.com/watch?v=tTLBlYCbyvk&amp;t=14s" target="_blank" rel="noreferrer noopener">Vidéo</a>)</li>



<li><strong>Mathieu Roy</strong> présente son implication dans le consortium (<a href="https://youtu.be/a3avu1QcCjk" target="_blank" rel="noreferrer noopener">Vidéo</a>)</li>



<li><strong>Carolina Meloto </strong>présente le consortium (<a href="https://www.youtube.com/watch?v=J5ARqqk3QFs" target="_blank" rel="noreferrer noopener">Vidéo</a>)</li>



<li><strong>Carolina Meloto </strong>présente la Biobanque québésoise de la douleur lombaire, un projet satellite du consortium (<a href="https://www.youtube.com/watch?v=2vEvSmzYPUc&amp;t=16s" target="_blank" rel="noreferrer noopener">Vidéo</a>)</li>
</ul>



<div style="height:20px" aria-hidden="true" class="wp-block-spacer"></div>



<h3 class="wp-block-heading">Nos publications</h3>



<ul class="wp-block-list">
<li><strong>Karen Ghoussoub et al</strong>. <a href="https://pmc.ncbi.nlm.nih.gov/articles/PMC12936249/" target="_blank" rel="noreferrer noopener">Stress Characteristics and Their Associations With Pain Intensity: An Ecological Momentary Assessment Study</a>.<br>European Journal of Pain, <strong>mars 2026</strong></li>



<li><strong>Adriana Angarita-Fonseca et al</strong>. <a href="https://journals.lww.com/pain/Fulltext/2023/02000/The_Canadian_version_of_the_National_Institutes_of.15.aspx" target="_blank" rel="noreferrer noopener">The Canadian version of the National Institutes of Health minimum dataset for chronic low back pain research : reference values from the Quebec Low Back Pain Study</a>.<br>Pain journal, <strong>février 2023</strong></li>



<li><strong>Hugo Massé-Alarie et al</strong>. <a href="https://journals.lww.com/painrpts/Fulltext/2022/04000/Low_back_pain_definitions__effect_on_patient.11.aspx" target="_blank" rel="noreferrer noopener">Low Back Pain definitions : effect on patient inclusion and clinical profiles</a><br>PAIN Reports, <strong>mars 2022</strong></li>



<li><strong>Kristina Amja et al</strong>. <a href="https://pubmed.ncbi.nlm.nih.gov/34137325/" target="_blank" rel="noreferrer noopener">The Experience of People Living With Chronic Pain During a Pandemic : “Crumbling Dreams With Uncertain Futures</a><br>Qualitative Health Research, <strong>juin 2021</strong></li>



<li><strong>Gabrielle Pagé et al</strong>. <a href="https://journals.lww.com/painrpts/Fulltext/2020/02000/The_Quebec_Low_Back_Pain_Study__a_protocol_for_an.5.aspx" target="_blank" rel="noreferrer noopener">The Quebec Low Back Pain Study: a protocol for an innovative 2-tier provincial cohort</a><br>PAIN Reports, <strong>janvier 2020</strong></li>



<li><strong>Anaïs Lacasse et al</strong>. <a href="https://pubmed.ncbi.nlm.nih.gov/28401140/" target="_blank" rel="noreferrer noopener">The Canadian minimum dataset for chronic low back pain research: a cross-cultural adaptation of the National Institutes of Health Task Force Research Standards</a><br>CMAJ Open, <strong>mars 2017</strong></li>
</ul>



<div style="height:20px" aria-hidden="true" class="wp-block-spacer"></div>



<h3 class="wp-block-heading">Communiqué de presse</h3>



<p><a href="https://qprn.ca/wp-content/uploads/2023/03/Final-Communique-de-presse_qlbps.pdf" target="_blank" rel="noreferrer noopener">Communiqué de presse</a></p>



<div style="height:20px" aria-hidden="true" class="wp-block-spacer"></div>



<p><strong><a href="&#109;&#x61;&#105;&#x6c;&#116;&#x6f;&#58;&#x3f;&#116;&#x6f;&#61;&#x69;&#110;&#x66;&#111;&#x40;&#113;&#x70;&#114;&#x6e;&#46;&#x63;&#97;" target="_blank" rel="noreferrer noopener">Contactez-nous</a></strong></p>

<p>Les scientifiques du Consortium québécois sur la douleur au dos ont mis au point une&#8230;</p>
